= j**2 + 59*j + 873. Let i be y(-28). Let x(o) = -6*o**3 + 3*o - 1 + 2 + 2. Let g be x(-2). Calculate the greatest common divisor of g and i.
5
Suppose -i = 26 - 27. Let s(c) = 62*c**3 - c + 2. Let t be s(i). What is the greatest common factor of t and 119?
7
Suppose -19 = m - 48. Let i be (-3)/((-3)/m) + (19 - 14). What is the greatest common factor of i and 10?
2
Let i = -57 - -64. Let d be i + 6 + -7 + 5. What is the greatest common factor of d and 363?
11
Suppose -s - 24*n = -19*n - 63, 21 = s - 2*n. Calculate the highest common divisor of s and 1991.
11
Let w = 1611 - 1593. Let s be (-4)/(-14) - (-1062)/(-42). Let u = s + 79. What is the greatest common divisor of u and w?
18
Suppose -5*t = -4*b - 4308, 432 = 2*b + 436. What is the highest common divisor of 260 and t?
20
Suppose 9*v + 454 = -194. Let n be v/(-132) + 423/11. Calculate the highest common divisor of n and 3.
3
Let n = -14653 + 14788. What is the greatest common divisor of 855 and n?
45
Suppose 0 = z + 2*j - 31, j + 9 = 4*j. Let m(i) = 5*i**2 - 499*i - 3513. Let q be m(-7). What is the greatest common factor of q and z?
25
Let g(u) = 35*u + 1325. Let t be g(-36). Calculate the greatest common divisor of t and 235.
5
Let x be (133*5/(-5))/1. Let z = -1 - x. Suppose p = -p + 24. What is the highest common factor of p and z?
12
Let l = 218 - 57. Let g be (18/72)/(5/460). What is the greatest common divisor of l and g?
23
Let b be 0 - (-10)/(0 - -1). Suppose 142 = 3*l - 212*k + 208*k, k + 313 = 10*l. Calculate the greatest common factor of b and l.
10
Let m be (4/7 + 180/28)*9. Calculate the highest common factor of m and 329.
7
Let w(g) = -g**3 + 13*g**2 - 2*g + 26. Let q be w(13). Let t be 45 + q + -2 + -19 + 18. Calculate the highest common divisor of t and 42.
42
Let s(q) = -q**2 - 29*q - 97. Let z be s(-25). Suppose -2*i + 5*k + 50 = z*k, 2*k + 100 = 4*i. What is the greatest common divisor of 15 and i?
5
Let m(v) = -6*v + 84. Let x be m(4). Let p = 182 + 28. What is the greatest common factor of x and p?
30
Suppose -60 = -10*d + 1250. Suppose -50 = 3*i - d. Calculate the greatest common factor of i and 36.
9
Let c(b) = -7*b - 47. Let v be c(-8). Suppose -7*r - 14 = -35. What is the highest common factor of v and r?
3
Let d = 175 + -170. Suppose -379 = -d*c + 46. Let j be 36 - ((-4)/1)/(-2). What is the greatest common factor of j and c?
17
Let l be 0/(4 - 1) - -10. Suppose l*h - 8*h - 28 = 0. Let a = 23 - h. What is the highest common divisor of 99 and a?
9
Suppose -4*u - v - 13 = 0, -4*v - 17 - 13 = 5*u. Let h be (-1)/u*(405 + 9). Let q = 416 - h. Calculate the greatest common divisor of q and 19.
19
Suppose 5*a - w = 353, -5*a - 10*w = -12*w - 351. What is the highest common divisor of 781 and a?
71
Let z = -23586 + 24392. Calculate the greatest common divisor of z and 52.
26
Let w(i) = 25*i + 1. Let a be w(1). Suppose 16 = 15*q - 11*q. Suppose -x = 0, -92 = -q*n + 4*x + 168. What is the greatest common divisor of n and a?
13
Let w(o) = o**2 + 2. Let a be w(4). Suppose 0 = -c + 4*c - a. Let d be ((-105)/(-20)*2)/((-8)/(-32)). Calculate the highest common divisor of c and d.
6
Suppose 10*g - 24*g - 126 = 0. Let t be (0 + g/5)/((-2)/20). Let d = 29 - 11. Calculate the highest common factor of d and t.
18
Let v = -521 + 2082. What is the greatest common divisor of 21 and v?
7
Let i = 1390 + -1380. Calculate the highest common factor of i and 185.
5
Let m = -12805 + 5545. Let o be (3/((-15)/2))/(22/m). What is the highest common factor of o and 11?
11
Suppose -u + 99 = 2*u. Suppose -z + 16 = 3*i, 29 = 3*z + 5*i - 3. Suppose -5*n = z*x - 20 - 9, -3*x + 36 = -n. Calculate the greatest common factor of x and u.
11
Suppose 4*r - 292 = 2*q, -r - 2*q + 6*q = -87. Suppose -r*i + 28 = -69*i. What is the greatest common divisor of 434 and i?
14
Suppose 12*v - 1766 = 346. Calculate the greatest common factor of 180 and v.
4
Let u = -28505 + 28943. Calculate the highest common divisor of 4526 and u.
146
Let u = 31 - 30. Let l = u - 1. Suppose l = d + 3*d - 40. What is the greatest common factor of 50 and d?
10
Let r(q) = q**2 + 3*q + 3. Let v be r(0). Suppose -5*o = -v*o. Suppose o = 2*t + 3*t - 20. Calculate the greatest common factor of 6 and t.
2
Let h = 20 + -6. Suppose 0*j - h = -2*s - 2*j, 18 = 2*s + 4*j. Suppose -46 = -t + s. Calculate the highest common factor of 17 and t.
17
Let h be 1/((-4 + 2)/42). Let q be (h/6 + -3)*-2. Let t = -100 - -165. Calculate the greatest common divisor of q and t.
13
Let c(r) = -8*r**3 - r**2 - 6. Let v be 1 - (51/15 + 4/(-10)). Let q be c(v). Let n = -16 + 34. What is the highest common factor of q and n?
18
Let r = 9752 - 4498. What is the greatest common divisor of 426 and r?
142
Suppose 2*m + c = -c + 470, -5*m = c - 1179. Let q = -164 + m. Calculate the greatest common divisor of q and 252.
36
Let q(r) = 17*r - 326. Let b be (-60)/9*30/(-8). Let s be q(b). What is the highest common factor of s and 77?
11
Suppose -144 = -2*k - 19*k - 27*k. Let u = -27 + 92. Let o = u - 32. What is the highest common divisor of k and o?
3
Let f be 1276/8 - 1/(-2). Suppose -3*w - 79 = 146. Let l = -65 - w. Calculate the highest common divisor of f and l.
10
Suppose 2*o - 116 - 336 = -5*l, 0 = 2*o + 14*l - 380. What is the highest common divisor of o and 4346?
82
Suppose 3*r + 18 = 5*t, 4*t - 4 = 3*r + 11. Suppose 0 = -5*s + 2*f - 3*f + 3814, t*s + 4*f = 2285. What is the highest common factor of 7 and s?
7
Let s be (-8)/6*((-4)/(-10) + 747/(-180)). What is the greatest common factor of 163 and s?
1
Let m = 12290 - 2458. What is the highest common divisor of 8 and m?
8
Let f = 9283 - 9220. What is the highest common divisor of 1359 and f?
9
Suppose q + q = 546. Let f be (-10)/40 + q/4. What is the greatest common factor of f and 136?
68
Suppose -22 = -7*m - 1. Suppose -2*q + 3*z = 0, -2*q + 0*q = z. Let l be q/(-1) + (-2400)/(-32). What is the highest common factor of l and m?
3
Suppose 586 - 232 = 59*a. Calculate the highest common factor of a and 129.
3
Let j(f) = -f**2 + 7*f + 112. Let y be j(14). What is the highest common factor of y and 1421?
7
Let p be 35*(3 + -2) + (0 - -1). Let s be (-759)/9*p/(-12). What is the greatest common divisor of 11 and s?
11
Suppose 28*k + 1036 = 51*k + 51*k. What is the greatest common factor of k and 21?
7
Let x = 3190 - 2110. Calculate the highest common divisor of 105 and x.
15
Suppose a = 14 + 83. Suppose -a*p = -87*p - 120. What is the highest common divisor of 444 and p?
12
Let u = -77 + 101. Let g be 0/(-2 + -3 + 4). Suppose -5*y + 4*r + 60 = 0, -2*y + 2*r = -g*y - 26. What is the greatest common divisor of u and y?
8
Suppose 104*l - 1934 = -3*x + 108*l, 20 = 5*l. Calculate the highest common factor of 52 and x.
26
Let v = -3049 + 3100. What is the greatest common factor of 867 and v?
51
Let u = 6062 - 6052. Calculate the greatest common divisor of 10 and u.
10
Let r be 2/(-1)*221*1/2. Let f = r + 229. Calculate the highest common factor of f and 400.
8
Let y(g) = 5*g**2 + 222*g + 439. Let s be y(-2). What is the greatest common divisor of s and 12585?
15
Let w = 535 - -587. Suppose -3*p + 0*p + w = 2*u, 0 = -5*p + 2*u + 1870. What is the greatest common factor of 44 and p?
22
Let x be (1646 + 1)/(4/(-1 - 3)). Let n = -1039 - x. Calculate the highest common factor of n and 76.
76
Let r = 8008 - 1352. Calculate the highest common divisor of 52 and r.
52
Suppose r = -5*k + 3084, 0*k + 9286 = 3*r - 2*k. Suppose -15*v + 29*v = r. What is the highest common divisor of v and 13?
13
Let a = 639 - 637. Suppose 192 = a*j - j. Calculate the highest common divisor of j and 24.
24
Let c = 10854 - 9710. Calculate the greatest common factor of c and 104.
104
Let a be (-8)/(-2) - (-246 - 10). Suppose -12*u = -10*u + a. Let t be 43/5 + 1 - (-78)/u. What is the greatest common factor of t and 45?
9
Let w = -181 - -176. Let y(i) = -22*i - 3. Let r be y(3). Let u be 5/(w/r) + 1. What is the greatest common factor of u and 10?
10
Suppose -5*c + c + 25 = -3*k, 5*c + 5*k - 40 = 0. Suppose c = -d + 4. Let l be ((-6)/4)/(d/120*6). What is the greatest common divisor of 20 and l?
10
Let o = -13911 + 13921. Let r be 1*9*(-150)/(-9). Let i = r - 70. Calculate the greatest common factor of i and o.
10
Let o(w) = -3*w**3 + 8*w**2 - 7*w - 8. Le